{"id":38,"date":"2015-03-21T11:47:24","date_gmt":"2015-03-21T11:47:24","guid":{"rendered":"http:\/\/www.divithemeexamples.com\/dividevelopers\/?page_id=38"},"modified":"2022-10-13T09:53:31","modified_gmt":"2022-10-13T08:53:31","slug":"home","status":"publish","type":"page","link":"https:\/\/danielgar.com\/","title":{"rendered":"Home"},"content":{"rendered":"<p>[et_pb_section fb_built=\u00bb1&#8243; admin_label=\u00bbsection\u00bb module_id=\u00bbsobre-mi\u00bb _builder_version=\u00bb4.16&#8243; transparent_background=\u00bboff\u00bb make_fullwidth=\u00bboff\u00bb use_custom_width=\u00bboff\u00bb width_unit=\u00bbon\u00bb global_colors_info=\u00bb{}\u00bb][et_pb_row column_structure=\u00bb1_2,1_2&#8243; admin_label=\u00bbrow\u00bb _builder_version=\u00bb4.16&#8243; background_size=\u00bbinitial\u00bb background_position=\u00bbtop_left\u00bb background_repeat=\u00bbrepeat\u00bb global_colors_info=\u00bb{}\u00bb][et_pb_column type=\u00bb1_2&#8243; _builder_version=\u00bb4.16&#8243; custom_padding=\u00bb|||\u00bb global_colors_info=\u00bb{}\u00bb custom_padding__hover=\u00bb|||\u00bb][et_pb_text admin_label=\u00bbText\u00bb _builder_version=\u00bb4.16&#8243; background_size=\u00bbinitial\u00bb background_position=\u00bbtop_left\u00bb background_repeat=\u00bbrepeat\u00bb text_orientation=\u00bbjustified\u00bb use_border_color=\u00bboff\u00bb border_color=\u00bb#ffffff\u00bb border_style=\u00bbsolid\u00bb global_colors_info=\u00bb{}\u00bb]<\/p>\n<h2>Daniel Garc\u00eda<\/h2>\n<p>[\/et_pb_text][et_pb_text admin_label=\u00bbText\u00bb _builder_version=\u00bb4.16&#8243; background_size=\u00bbinitial\u00bb background_position=\u00bbtop_left\u00bb background_repeat=\u00bbrepeat\u00bb text_orientation=\u00bbjustified\u00bb border_style=\u00bbsolid\u00bb global_colors_info=\u00bb{}\u00bb]<\/p>\n<h3>Formaci\u00f3n acad\u00e9mica<\/h3>\n<p>Ciclo superior de administraci\u00f3n de sistemas inform\u00e1ticos en red y ciclo superior de desarrollo de aplicaciones multiplataforma en el IES Chan do Monte.<br \/>\n[\/et_pb_text][et_pb_text admin_label=\u00bbText\u00bb _builder_version=\u00bb4.16&#8243; background_size=\u00bbinitial\u00bb background_position=\u00bbtop_left\u00bb background_repeat=\u00bbrepeat\u00bb text_orientation=\u00bbjustified\u00bb border_style=\u00bbsolid\u00bb global_colors_info=\u00bb{}\u00bb]<\/p>\n<h3>Conocimientos<\/h3>\n<ul>\n<li style=\"list-style-type: none;\">\n<ul>\n<li><strong>Entorno web<\/strong>: HTML, CSS, JavaScript, jQuery, Ajax, XML, Bootstrap, <a href=\"https:\/\/php.net\/\" target=\"_blank\" rel=\"noopener noreferrer\">PHP<\/a>, Web Services &#8211; REST, JSON, <a href=\"https:\/\/wordpress.org\/\" target=\"_blank\" rel=\"noopener noreferrer\">WordPress <\/a>y <a href=\"https:\/\/www.prestashop.com\/es\/?gclid=CjwKEAjwlpbIBRCx4eT8l9W26igSJAAuQ_HG8ta-Jn6XSIVMOmdawrnaJXz_NQLZk1S3gpmjRpBZThoCch7w_wcB\" target=\"_blank\" rel=\"noopener noreferrer\">PrestaShop<\/a><\/li>\n<li><strong>Escritorio<\/strong>: Java, <a href=\"https:\/\/hibernate.org\/\" target=\"_blank\" rel=\"noopener noreferrer\">Hibernate<\/a>, programaci\u00f3n de hilos, accesos a datos, desarrollo de interfaces.<\/li>\n<li><strong>Dispositivos m\u00f3viles<\/strong>: programaci\u00f3n Android<\/li>\n<li><strong>Juegos<\/strong>: <a href=\"https:\/\/libgdx.badlogicgames.com\/\" target=\"_blank\" rel=\"noopener noreferrer\">libGDX<\/a><\/li>\n<li><strong>Base de datos<\/strong>: <a href=\"https:\/\/www.mysql.com\/\" target=\"_blank\" rel=\"noopener noreferrer\">MySQL<\/a>, <a href=\"https:\/\/www.microsoft.com\/es-es\/sql-server\/sql-server-2016\" target=\"_blank\" rel=\"noopener noreferrer\">SQL Server<\/a>, <a href=\"https:\/\/www.sqlite.org\/\" target=\"_blank\" rel=\"noopener noreferrer\">SQLite<\/a><\/li>\n<\/ul>\n<\/li>\n<\/ul>\n<p>[\/et_pb_text][et_pb_text admin_label=\u00bbText\u00bb _builder_version=\u00bb4.16&#8243; background_size=\u00bbinitial\u00bb background_position=\u00bbtop_left\u00bb background_repeat=\u00bbrepeat\u00bb text_orientation=\u00bbjustified\u00bb border_style=\u00bbsolid\u00bb global_colors_info=\u00bb{}\u00bb]<\/p>\n<h3>Experiencia laboral<\/h3>\n<p>Programador Full Stack en <strong>Iahorro<\/strong> desde febrero 2020 a la actualidad:<\/p>\n<ul>\n<li>Programaci\u00f3n bajo los frameworks Laravel.<\/li>\n<li>Implementaci\u00f3n nuevas funcionalidades.<\/li>\n<li>Mantenimiento y resoluci\u00f3n de incidencias.<\/li>\n<li>Refactorizaciones y optimizaciones.<\/li>\n<\/ul>\n<p>Programador Full\u00a0 Stack en <strong>Imaweb<\/strong> a\u00f1os 2017-2020.<\/p>\n<ul>\n<li>Mantenimiento y resoluci\u00f3n de incidencias.<\/li>\n<li>Optimizaciones de c\u00f3digo y base de datos.<\/li>\n<li>Refactorizaciones de c\u00f3digo.<\/li>\n<li>Desarrollo de nuevas funcionalidades sobre el producto.<\/li>\n<\/ul>\n<div data-canvas-width=\"430.44571961249966\">Responsable del \u00e1rea inform\u00e1tica de <strong>ARA FORMACI\u00d3N<\/strong> a\u00f1os 2015-2016<\/div>\n<ul>\n<li data-canvas-width=\"414.19506156249986\">Mantenimiento de equipos inform\u00e1ticos:\n<ul>\n<li>Centros educativos concertados<\/li>\n<li>Empresas privadas<\/li>\n<li>Ministerio de Defensa<\/li>\n<\/ul>\n<\/li>\n<li data-canvas-width=\"165.3669090875\">Programaci\u00f3n y dese\u00f1o web:\n<ul>\n<li>Dise\u00f1o de sitios web para empresas de diferentes sectores<\/li>\n<\/ul>\n<\/li>\n<li>Programaci\u00f3n<strong>:<\/strong>\n<ul>\n<li>Desarrollo de aplicaciones a medida<\/li>\n<\/ul>\n<\/li>\n<\/ul>\n<p>[\/et_pb_text][\/et_pb_column][et_pb_column type=\u00bb1_2&#8243; _builder_version=\u00bb4.16&#8243; custom_padding=\u00bb|||\u00bb global_colors_info=\u00bb{}\u00bb custom_padding__hover=\u00bb|||\u00bb][et_pb_image src=\u00bbhttps:\/\/danielgar.com\/wp-content\/uploads\/2022\/10\/lenguajes2.png\u00bb alt=\u00bbskills\u00bb title_text=\u00bblenguajes2&#8243; align_tablet=\u00bbcenter\u00bb align_phone=\u00bb\u00bb align_last_edited=\u00bbon|desktop\u00bb admin_label=\u00bbImage\u00bb _builder_version=\u00bb4.16&#8243; animation_style=\u00bbslide\u00bb animation_direction=\u00bbright\u00bb animation_duration=\u00bb500ms\u00bb animation_intensity_slide=\u00bb10%\u00bb use_border_color=\u00bboff\u00bb border_color=\u00bb#ffffff\u00bb border_style=\u00bbsolid\u00bb animation=\u00bbright\u00bb sticky=\u00bboff\u00bb global_colors_info=\u00bb{}\u00bb][\/et_pb_image][\/et_pb_column][\/et_pb_row][\/et_pb_section][et_pb_section fb_built=\u00bb1&#8243; module_id=\u00bbcontacto\u00bb _builder_version=\u00bb4.16&#8243; global_colors_info=\u00bb{}\u00bb][et_pb_row _builder_version=\u00bb4.16&#8243; global_colors_info=\u00bb{}\u00bb][et_pb_column type=\u00bb4_4&#8243; _builder_version=\u00bb4.16&#8243; global_colors_info=\u00bb{}\u00bb][et_pb_text _builder_version=\u00bb4.16&#8243; _module_preset=\u00bbdefault\u00bb min_height=\u00bb16px\u00bb custom_margin=\u00bb||8px|||\u00bb custom_padding=\u00bb||0px|||\u00bb global_colors_info=\u00bb{}\u00bb]<\/p>\n<h2>Puede ponerse en contacto mediante el siguiente formulario<\/h2>\n<p>[\/et_pb_text][et_pb_contact_form use_spam_service=\u00bbon\u00bb recaptcha_list=\u00bbcontact-form-0&#8243; email=\u00bbinfo@myblog-lfkec09dan.live-website.com\u00bb _builder_version=\u00bb4.16&#8243; _unique_id=\u00bb878131c6-f5fd-4a56-8257-a6a9c03e501a\u00bb global_colors_info=\u00bb{}\u00bb][et_pb_contact_field field_id=\u00bbName\u00bb field_title=\u00bbNombre\u00bb _builder_version=\u00bb4.16&#8243; global_colors_info=\u00bb{}\u00bb button_text_size__hover_enabled=\u00bboff\u00bb button_one_text_size__hover_enabled=\u00bboff\u00bb button_two_text_size__hover_enabled=\u00bboff\u00bb button_text_color__hover_enabled=\u00bboff\u00bb button_one_text_color__hover_enabled=\u00bboff\u00bb button_two_text_color__hover_enabled=\u00bboff\u00bb button_border_width__hover_enabled=\u00bboff\u00bb button_one_border_width__hover_enabled=\u00bboff\u00bb button_two_border_width__hover_enabled=\u00bboff\u00bb button_border_color__hover_enabled=\u00bboff\u00bb button_one_border_color__hover_enabled=\u00bboff\u00bb button_two_border_color__hover_enabled=\u00bboff\u00bb button_border_radius__hover_enabled=\u00bboff\u00bb button_one_border_radius__hover_enabled=\u00bboff\u00bb button_two_border_radius__hover_enabled=\u00bboff\u00bb button_letter_spacing__hover_enabled=\u00bboff\u00bb button_one_letter_spacing__hover_enabled=\u00bboff\u00bb button_two_letter_spacing__hover_enabled=\u00bboff\u00bb button_bg_color__hover_enabled=\u00bboff\u00bb button_one_bg_color__hover_enabled=\u00bboff\u00bb button_two_bg_color__hover_enabled=\u00bboff\u00bb][\/et_pb_contact_field][et_pb_contact_field field_id=\u00bbEmail\u00bb field_title=\u00bbDirecci\u00f3n de correo electr\u00f3nico\u00bb field_type=\u00bbemail\u00bb _builder_version=\u00bb4.16&#8243; global_colors_info=\u00bb{}\u00bb button_text_size__hover_enabled=\u00bboff\u00bb button_one_text_size__hover_enabled=\u00bboff\u00bb button_two_text_size__hover_enabled=\u00bboff\u00bb button_text_color__hover_enabled=\u00bboff\u00bb button_one_text_color__hover_enabled=\u00bboff\u00bb button_two_text_color__hover_enabled=\u00bboff\u00bb button_border_width__hover_enabled=\u00bboff\u00bb button_one_border_width__hover_enabled=\u00bboff\u00bb button_two_border_width__hover_enabled=\u00bboff\u00bb button_border_color__hover_enabled=\u00bboff\u00bb button_one_border_color__hover_enabled=\u00bboff\u00bb button_two_border_color__hover_enabled=\u00bboff\u00bb button_border_radius__hover_enabled=\u00bboff\u00bb button_one_border_radius__hover_enabled=\u00bboff\u00bb button_two_border_radius__hover_enabled=\u00bboff\u00bb button_letter_spacing__hover_enabled=\u00bboff\u00bb button_one_letter_spacing__hover_enabled=\u00bboff\u00bb button_two_letter_spacing__hover_enabled=\u00bboff\u00bb button_bg_color__hover_enabled=\u00bboff\u00bb button_one_bg_color__hover_enabled=\u00bboff\u00bb button_two_bg_color__hover_enabled=\u00bboff\u00bb][\/et_pb_contact_field][et_pb_contact_field field_id=\u00bbMessage\u00bb field_title=\u00bbMensaje\u00bb field_type=\u00bbtext\u00bb fullwidth_field=\u00bbon\u00bb _builder_version=\u00bb4.16&#8243; global_colors_info=\u00bb{}\u00bb button_text_size__hover_enabled=\u00bboff\u00bb button_one_text_size__hover_enabled=\u00bboff\u00bb button_two_text_size__hover_enabled=\u00bboff\u00bb button_text_color__hover_enabled=\u00bboff\u00bb button_one_text_color__hover_enabled=\u00bboff\u00bb button_two_text_color__hover_enabled=\u00bboff\u00bb button_border_width__hover_enabled=\u00bboff\u00bb button_one_border_width__hover_enabled=\u00bboff\u00bb button_two_border_width__hover_enabled=\u00bboff\u00bb button_border_color__hover_enabled=\u00bboff\u00bb button_one_border_color__hover_enabled=\u00bboff\u00bb button_two_border_color__hover_enabled=\u00bboff\u00bb button_border_radius__hover_enabled=\u00bboff\u00bb button_one_border_radius__hover_enabled=\u00bboff\u00bb button_two_border_radius__hover_enabled=\u00bboff\u00bb button_letter_spacing__hover_enabled=\u00bboff\u00bb button_one_letter_spacing__hover_enabled=\u00bboff\u00bb button_two_letter_spacing__hover_enabled=\u00bboff\u00bb button_bg_color__hover_enabled=\u00bboff\u00bb button_one_bg_color__hover_enabled=\u00bboff\u00bb button_two_bg_color__hover_enabled=\u00bboff\u00bb][\/et_pb_contact_field][\/et_pb_contact_form][\/et_pb_column][\/et_pb_row][\/et_pb_section]<\/p>\n","protected":false},"excerpt":{"rendered":"<p>Daniel Garc\u00eda Formaci\u00f3n acad\u00e9mica Ciclo superior de administraci\u00f3n de sistemas inform\u00e1ticos en red y ciclo superior de desarrollo de aplicaciones multiplataforma en el IES Chan do Monte. Conocimientos Entorno web: HTML, CSS, JavaScript, jQuery, Ajax, XML, Bootstrap, PHP, Web Services &#8211; REST, JSON, WordPress y PrestaShop Escritorio: Java, Hibernate, programaci\u00f3n de hilos, accesos a datos, [&hellip;]<\/p>\n","protected":false},"author":1,"featured_media":0,"parent":0,"menu_order":0,"comment_status":"open","ping_status":"open","template":"","meta":{"_et_pb_use_builder":"on","_et_pb_old_content":"","_et_gb_content_width":"","footnotes":""},"class_list":["post-38","page","type-page","status-publish","hentry"],"_links":{"self":[{"href":"https:\/\/danielgar.com\/index.php?rest_route=\/wp\/v2\/pages\/38"}],"collection":[{"href":"https:\/\/danielgar.com\/index.php?rest_route=\/wp\/v2\/pages"}],"about":[{"href":"https:\/\/danielgar.com\/index.php?rest_route=\/wp\/v2\/types\/page"}],"author":[{"embeddable":true,"href":"https:\/\/danielgar.com\/index.php?rest_route=\/wp\/v2\/users\/1"}],"replies":[{"embeddable":true,"href":"https:\/\/danielgar.com\/index.php?rest_route=%2Fwp%2Fv2%2Fcomments&post=38"}],"version-history":[{"count":4,"href":"https:\/\/danielgar.com\/index.php?rest_route=\/wp\/v2\/pages\/38\/revisions"}],"predecessor-version":[{"id":28834,"href":"https:\/\/danielgar.com\/index.php?rest_route=\/wp\/v2\/pages\/38\/revisions\/28834"}],"wp:attachment":[{"href":"https:\/\/danielgar.com\/index.php?rest_route=%2Fwp%2Fv2%2Fmedia&parent=38"}],"curies":[{"name":"wp","href":"https:\/\/api.w.org\/{rel}","templated":true}]}}